940*y**2 - 14*y + 14. Calculate x(1).
2940
Let s(b) = -89*b**2 - 59*b + 879. Determine s(7).
-3895
Let f(p) = 2*p**3 - p**2 + 40*p + 78. Give f(-2).
-22
Let g(y) = y**2 + 126*y - 11276. Give g(-185).
-361
Let t(k) = -k**2 + 46*k + 21280. What is t(168)?
784
Let w(b) = 6179*b - 240781. What is w(39)?
200
Let c(d) = 305519*d + 1222070. Give c(-4).
-6
Let c(p) = -88*p**2 - 2063*p - 901. Determine c(-23).
-4
Let i(v) = -5*v**2 + 15*v - 92. What is i(-9)?
-632
Let t(r) = r**2 + 623*r - 16951. What is t(26)?
-77
Let i(d) = -d**3 - 76*d**2 - 87*d - 25755. Determine i(-79).
-159
Let l(o) = -4*o**2 - 7884*o - 3094523. What is l(-541)?
-3
Let n(s) = 589*s + 7733. Give n(-20).
-4047
Let c(f) = -3*f**3 - 413*f**2 - 1073*f + 926. Determine c(-135).
-19
Let r(f) = 2*f**3 + 62*f**2 + 10*f - 1518. Calculate r(-30).
-18
Let j(l) = -4*l**3 - 29*l**2 - 52*l + 22. What is j(-5)?
57
Let q(s) = 3*s**3 + 9*s**2 - 112*s - 54. Give q(5).
-14
Let n(r) = -50*r**2 - 73*r + 559. Calculate n(-6).
-803
Let d(q) = 21654*q - 131053. Calculate d(6).
-1129
Let m(a) = 2321*a + 30196. Determine m(-13).
23
Let s(w) = 62*w**2 - 4226*w + 681. What is s(68)?
1
Let o(h) = -70*h**3 + 125*h**2 - 40*h + 59. Calculate o(2).
-81
Let r(n) = -143*n**2 - 2361*n - 1210. Give r(-16).
-42
Let i(t) = 67557*t - 1148471. Calculate i(17).
-2
Let w(t) = -71*t**2 - 24919*t + 829. Determine w(-351).
127
Let l(x) = -5*x**2 + 4691*x - 14060. What is l(3)?
-32
Let i(d) = d**3 + 43*d**2 + 195*d - 195. Give i(-6).
-33
Let p(v) = -770*v + 631459. Determine p(820).
59
Let q(a) = a**3 + 25*a**2 - 78*a - 1163. Give q(-14).
2085
Let y(t) = 37*t**2 + 703*t - 4330. Calculate y(-24).
110
Let t(g) = 2*g**2 - 162*g - 5126. Determine t(108).
706
Let l(s) = -s**3 + 16*s**2 - 21*s - 142. Calculate l(-2).
-28
Let g(x) = 45*x**2 - 839*x + 182. Give g(20).
1402
Let o(w) = w**3 - 86*w**2 + 386*w + 32838. Give o(75).
-87
Let k(i) = -817*i + 1781. What is k(5)?
-2304
Let a(g) = 11*g**3 + 118*g**2 + 300*g - 17. Calculate a(-5).
58
Let t(m) = -482*m - 11024. Give t(-23).
62
Let i(u) = 424*u + 22847. Calculate i(-54).
-49
Let h(b) = 117*b + 21696. Determine h(-179).
753
Let c(b) = 54*b**2 - 4159*b - 17. Calculate c(77).
-94
Let a(s) = -3175*s - 144. Determine a(0).
-144
Let k(i) = 8558*i - 42916. Determine k(5).
-126
Let v(j) = 2*j**3 - 103*j**2 + 1278*j + 88. What is v(21)?
25
Let g(i) = 161*i + 3439. Determine g(-28).
-1069
Let n(u) = -49*u**2 + 46*u + 338. What is n(-3)?
-241
Let o(r) = 5*r**2 + 4669*r - 48156. Calculate o(-944).
-12
Let h(u) = -493*u - 21618. What is h(-44)?
74
Let t(c) = 2*c**3 + 103*c**2 + 2394*c + 143852. Give t(-54).
-4
Let f(s) = -117439*s + 587230. Calculate f(5).
35
Let g(b) = -17*b**3 - 973*b**2 - 236*b + 53. Calculate g(-57).
509
Let x(j) = 3*j**2 - 79*j + 21. What is x(25)?
-79
Let s(u) = -u**3 + 159*u**2 - 340*u + 4078. What is s(157)?
-4
Let s(n) = 39*n**3 - 3313*n**2 - 344*n + 14782. Determine s(85).
-8
Let l(i) = 98*i + 18348. Give l(-188).
-76
Let y(k) = k**2 - 4835*k + 197403. Give y(41).
849
Let q(a) = -2*a**3 + 697*a**2 - 7111*a + 4385. Calculate q(338).
-9
Let g(k) = 570*k - 129358. Give g(227).
32
Let r(p) = -302*p**2 - 1429*p + 131. Calculate r(-6).
-2167
Let w(l) = 46*l**3 + 88*l**2 - 54*l - 28. What is w(1)?
52
Let f(p) = p**3 + 112*p**2 - 8309*p + 654. What is f(-163)?
2
Let c(w) = -w**3 + 7*w**2 + 3398*w - 6335. Calculate c(61).
9
Let a(v) = v**3 + 10*v**2 + 615*v - 22174. Give a(19).
-20
Let g(l) = 36*l**3 + 697*l**2 - 582*l - 2446. Calculate g(-20).
-6
Let v(x) = -x**3 - 36*x**2 - 268*x + 50. Determine v(-7).
505
Let a(f) = -35*f**3 - 25*f**2 + 41*f + 2. Determine a(-2).
100
Let n(u) = 6024*u - 391416. Calculate n(65).
144
Let i(u) = u**3 + 48*u**2 - 169*u - 2463. What is i(-51)?
-1647
Let q(y) = y**2 - 4453*y + 119513. Give q(27).
11
Let y(w) = 21501*w - 107501. Determine y(5).
4
Let u(c) = c**2 + 26543*c + 4142578. What is u(-157)?
-24
Let i(g) = 13709*g + 1603943. Calculate i(-117).
-10
Let b(w) = -12120*w - 1005915. Give b(-83).
45
Let x(j) = -8*j**2 - 1063*j - 34. Give x(-133).
-167
Let o(n) = 6303009*n - 12606023. Give o(2).
-5
Let w(j) = -1127*j + 127216. What is w(113)?
-135
Let o(l) = 6*l**3 + 3*l**2 - 11*l + 22. Give o(-3).
-80
Let p(d) = 1005*d - 173867. What is p(173)?
-2
Let h(a) = -9569*a + 47948. Calculate h(5).
103
Let g(t) = -13947*t - 251044. Determine g(-18).
2
Let j(g) = 539*g + 1737. What is j(-4)?
-419
Let b(c) = 321*c**3 + 1282*c**2 + 184*c + 758. Calculate b(-4).
-10
Let d(n) = -n**3 + 2*n**2 - 409*n + 4244. Determine d(9).
-4
Let s(t) = 195*t + 2952. Calculate s(-21).
-1143
Let f(u) = -2*u**3 - 95*u**2 + 63*u + 917. What is f(-48)?
197
Let n(q) = 342*q + 232899. Calculate n(-681).
-3
Let d(o) = 763*o + 9767. Determine d(-13).
-152
Let d(c) = 14596*c - 175133. Determine d(12).
19
Let t(b) = 15519*b + 853534. What is t(-55)?
-11
Let h(b) = -1546*b - 112814. Give h(-73).
44
Let q(t) = -84*t + 408. What is q(12)?
-600
Let y(o) = -14*o**2 + 3556*o - 151200. What is y(200)?
0
Let u(z) = -884859*z + 884848. Give u(1).
-11
Let z(p) = 3394*p - 54434. Determine z(16).
-130
Let v(x) = -2*x**3 - 40*x**2 - 69*x - 577. Determine v(-9).
-1738
Let y(l) = l**3 - 46*l**2 - 29*l + 1422. What is y(46)?
88
Let q(k) = -222907*k - 1337425. Give q(-6).
17
Let j(r) = -r**3 - 17*r**2 - 3673*r - 121899. What is j(-30)?
-9
Let u(o) = -3*o**3 - 269*o**2 + 100*o + 856. Calculate u(-90).
-44
Let n(c) = 3*c**3 + 610*c**2 + 217*c - 531. Calculate n(-203).
-3373
Let p(n) = -n**3 + 59*n**2 + 10*n - 3224. Calculate p(58).
720
Let g(o) = 89270*o - 2945915. Calculate g(33).
-5
Let j(l) = 41*l**2 - 348*l + 264. Determine j(10).
884
Let z(w) = -8972*w + 8910. What is z(1)?
-62
Let j(b) = -616*b + 9433. Calculate j(16).
-423
Let d(b) = -2265*b - 138199. What is d(-61)?
-34
Let n(a) = -a**3 - 97*a + 442. What is n(4)?
-10
Let s(d) = 706*d + 308535. Give s(-437).
13
Let y(q) = 2*q**3 + 28*q**2 + 131*q + 309. Determine y(-8).
29
Let w(m) = -48*m**3 + 34*m**2 - 40*m + 10. Calculate w(1).
-44
Let r(v) = -v**3 - 22*v**2 + 48*v + 319. Give r(-20).
-1441
Let b(j) = j**3 + 41*j**2 - 2142*j - 1055. Give b(-71).
-203
Let v(n) = 2140*n - 78929. Determine v(35).
-4029
Let r(j) = 727*j**3 + 132*j**2 + 142*j + 10. What is r(-1)?
-727
Let x(q) = -187265*q - 1498116. Determine x(-8).
4
Let o(q) = -q**3 + 40*q**2 - 34973*q + 484538. Calculate o(14).
12
Let s(d) = -d**3 + 242*d**2 + 1796*d - 377366. Determine s(243).
13
Let m(q) = 2*q**3 - 20*q**2 - 81136*q + 730380. Calculate m(9).
-6
Let o(p) = p**2 + 689*p - 495164. Give o(439).
28
Let f(b) = b**2 - 2*b - 36368. Give f(193).
495
Let f(r) = -7*r**2 - 244*r - 1933. What is f(-23)?
-24
Let p(s) = -s**3 + 86*s**2 + 285*s - 1629. Calculate p(89).
-27
Let h(d) = -43*d**2 + 554*d - 1268. Calculate h(10).
-28
Let m(t) = 305*t + 5884. Determine m(-19).
89
Let g(r) = 39*r**2 - 74*r - 101. What is g(7)?
1292
Let k(i) = 8*i**2 + 5448*i - 21821. What is k(4)?
99
Let j(w) = -1666*w + 976260. Determine j(586).
-16
Let r(j) = j**3 - 365*j**2 + 436*j - 26212. Give r(364).
-4
Let y(z) = 1293*z + 142227. Calculate y(-110).
-3
Let n(x) = -x**2 - 219*x + 3254. What is n(14)?
-8
Let y(r) = 1273849*r - 5095386. Give y(4).
10
Let y(f) = f**3 - 42*f**2 - 287*f + 88. What is y(48)?
136
Let d(f) = -210*f - 8765. Give d(-49).
1525
Let m(s) = 7*s**2 + 76*s - 383. Calculate m(7).
492
Let h(i) = -i**3 - 11*i**2 + 479*i + 5623. Give h(-12).
19
Let m(h) = -h**2 + 103*h + 1798. Determine m(128).
-1402
Let s(m) = -11*m**2 + 4998*m - 36169. Calculate s(447).
38
Let r(y) = -y**3 + 87*y**2 - 1314*y + 1493. What is r(68)?
-3
Let z(t) = 9*t**2 + 350062*t + 4549280. Calculate z(-13).
-5
Let y(g) = -2*g**2 - 19082*g + 497501. Determine y(26).
17
Let j(t) = -115*t**2 + 1690*t - 3715. Calculate j(12).
5
Let o(l) = 6251*l + 218883. What is o(-35)?
98
Let n(d) = -445*d + 37823. Calculate n(85).
-2
Let u(a) = -6497327*a + 71470604. Give u(11).
7
Let g(d) = 1479*d + 289883. Determine g(-196).
-1
Let i(a) = -a**3 + 18*a**2 + 791*a - 87. Determine i(-20).
-707
Let z(t) = 78*t**3 + 857*t**2 - 14*t - 143. Give z(-11).
-110
Let d(o) = -o**3 - 3*o**2 + 606*o + 3544. Determine d(-6).
16
Let y(w) = w**3 - 222*w**2 - 643*w - 7183. Calculate y(225).
17
Let c(g) = -5685*g - 1364391. What is c(-240)?
9
Let o(g) = 32*